- 2. What is d(4)?
-6
Let w(o) = 2*o + 8. Determine w(9).
26
Let z(d) = d**2 - 71*d - 381. Determine z(-5).
-1
Let a(y) = 5*y. What is a(1)?
5
Let m(w) = -w**3 - 2*w**2 + w + 2. Give m(-2).
0
Let r(q) = 3*q**2 - 27*q + 12. Give r(12).
120
Let q(u) = -u**3 + 4*u**2 - 4*u - 1. Determine q(4).
-17
Let t(l) = 2*l**2 + 7*l + 8. Calculate t(-4).
12
Let s(n) = -n**3 - 7*n**2 - 8*n - 2. Determine s(-5).
-12
Let j(u) = 2*u**3 - 36*u**2 + 37*u - 39. Calculate j(17).
12
Let f(m) = -m + 3. Calculate f(10).
-7
Let n(u) = u + 7. What is n(-5)?
2
Let k(x) = x - 12. Determine k(7).
-5
Let g(o) = o**2 - 7*o + 1. What is g(5)?
-9
Let o(h) = -2*h + 6. Determine o(-9).
24
Let w(b) = b**2 - 14*b - 8. What is w(10)?
-48
Let n(o) = -3*o + 28. What is n(5)?
13
Let b(f) = -f**2 - 9*f + 13. Give b(-9).
13
Let r(l) = -4*l - 21. Give r(8).
-53
Let v(l) = 34*l + 126. Determine v(-5).
-44
Let g(f) = 5*f + 31. Calculate g(-3).
16
Let n(j) = 8*j + 9. What is n(-2)?
-7
Let o(m) = m**2 - 8*m + 3. What is o(0)?
3
Let a(b) = 14*b - 4. What is a(-4)?
-60
Let f(q) = q**3 + 16*q**2 + q + 39. What is f(-16)?
23
Let f(d) = -d**2 - 21*d + 3. Determine f(-21).
3
Let r(d) = -d**2 - 7*d - 9. What is r(-4)?
3
Let d(o) = -o**2 + 11*o + 35. Give d(13).
9
Let p(c) = 2*c**2 + 12*c - 3. Calculate p(-6).
-3
Let b(y) = 49*y - 298. Give b(6).
-4
Let u(g) = g**3 - 8*g**2 + 7*g + 1. Give u(7).
1
Let l(c) = 2*c**3 + 5*c**2 + 5*c + 4. Calculate l(-2).
-2
Let d(l) = 3*l**3 - 15*l**2 - 12*l + 64. What is d(5)?
4
Let u(k) = k - 19. What is u(-6)?
-25
Let s(i) = 9*i - 34. Determine s(11).
65
Let n(a) = -2*a + 39. Calculate n(16).
7
Let l(b) = -4*b - 30. Determine l(-14).
26
Let z(p) = p**2 - 12*p + 10. Determine z(11).
-1
Let c(d) = 2*d**3 - 2*d**2 + 3*d - 2. What is c(2)?
12
Let i(n) = 17*n**3 - n**2 - 2*n - 2. Determine i(-1).
-18
Let r(j) = -54*j - 247. Calculate r(-5).
23
Let l(z) = 8*z - 28. What is l(3)?
-4
Let h(v) = v**3 + 10*v**2 - 11*v - 5. Determine h(-11).
-5
Let i(h) = -h**3 + 10*h**2 - 9*h + 2. What is i(9)?
2
Let x(j) = 2*j + 39. Determine x(0).
39
Let s(j) = -2*j - 27. Determine s(-14).
1
Let v(h) = -h**2 - 50*h + 155. Give v(3).
-4
Let u(x) = -3*x + 4. Calculate u(-7).
25
Let q(b) = -2*b**3 + 46*b**2 - 43*b - 20. Determine q(22).
2
Let l(d) = 2*d**3 + 3*d**2 + 12*d + 22. What is l(-2)?
-6
Let j(b) = -b**3 - 8*b**2 - 8*b - 9. Determine j(-7).
-2
Let z(j) = j**2 - 8*j + 19. Calculate z(5).
4
Let r(v) = v**3 + 10*v**2 + 7*v - 18. Determine r(-9).
0
Let d(p) = p**2 + 24. Determine d(0).
24
Let s(f) = -f**3 - 5*f**2 - 5. Give s(-5).
-5
Let k(v) = -5*v - 25. Give k(-4).
-5
Let o(j) = -3*j + 20. Calculate o(9).
-7
Let b(a) = a**2 - 11*a - 26. Give b(14).
16
Let x(z) = -z**2 - 8*z - 7. What is x(-5)?
8
Let b(n) = n**3 + 5*n**2 - 15*n - 10. Give b(-7).
-3
Let m(k) = k**3 + 10*k**2 + 12*k + 65. What is m(-9)?
38
Let q(v) = 5*v**2 - 75*v - 89. Give q(16).
-9
Let y(p) = -23*p**3 + 2*p**2 + 3*p + 2. What is y(-1)?
24
Let r(b) = b**2 + 3*b - 41. What is r(-7)?
-13
Let i(k) = k**3 + 8*k**2 + 5*k - 10. What is i(-7)?
4
Let u(g) = -g**3 - 12*g**2 - 36*g - 5. What is u(-6)?
-5
Let g(o) = 9*o - 15. What is g(1)?
-6
Let n(u) = 3*u + 44. Calculate n(4).
56
Let h(f) = -2*f**3 - 18*f**2 - 15*f + 15. What is h(-8)?
7
Let p(b) = -b**2 + 10*b + 11. Calculate p(10).
11
Let g(u) = -2*u**2 + 26*u + 15. Determine g(13).
15
Let o(m) = -55*m + 48. Calculate o(1).
-7
Let o(u) = -2*u**3 - 4*u**2 + 3*u. What is o(-2)?
-6
Let l(o) = 24*o + 8. Calculate l(-1).
-16
Let g(y) = -y**2 + 6*y - 5. Give g(5).
0
Let b(f) = f**3 + 14*f**2 - 15*f + 3. Calculate b(-15).
3
Let k(t) = t**3 + 19*t**2 + 17*t - 26. Calculate k(-18).
-8
Let c(i) = -4*i + 45. What is c(13)?
-7
Let n(d) = 7*d - 77. Determine n(8).
-21
Let u(c) = -2*c**3 + c**2 + 3*c. Determine u(2).
-6
Let k(g) = g**2 - 6*g - 5. Give k(-1).
2
Let i(h) = 5*h. Determine i(2).
10
Let d(i) = -i**2 - 15*i - 37. Determine d(-11).
7
Let t(w) = 2*w**2 - w + 5. Give t(4).
33
Let b(t) = -24*t + 311. What is b(13)?
-1
Let r(w) = -16*w**2 + 6*w - 7. Calculate r(2).
-59
Let y(s) = 3*s**2 - 9*s - 3. What is y(4)?
9
Let p(i) = -16*i - 184. Determine p(-9).
-40
Let g(a) = a**3 - 8*a**2 + 5*a + 2. Give g(7).
-12
Let t(g) = g**3 - 23*g**2 - 2*g + 22. Determine t(23).
-24
Let q(d) = -d + 12. Determine q(2).
10
Let j(b) = -282*b - 1130. What is j(-4)?
-2
Let y(r) = -18*r - 7. What is y(-4)?
65
Let t(c) = 10*c - 8. What is t(-1)?
-18
Let b(z) = z**2 - 3*z + 72. Give b(0).
72
Let i(f) = f - 7. Calculate i(9).
2
Let h(m) = m**2 - 22*m + 51. What is h(21)?
30
Let t(a) = 2*a**2 - 5*a - 4. Give t(-3).
29
Let i(q) = -q**2 - q - 1. Determine i(0).
-1
Let c(y) = y**3 - 6*y**2 + 5*y - 4. Give c(4).
-16
Let b(q) = -2*q - 7. Give b(-7).
7
Let p(w) = -w**2 + 2. What is p(-4)?
-14
Let t(g) = -3*g**2 - 61*g - 83. Give t(-19).
-7
Let q(g) = -3*g**3 + 6*g**2 + 4*g - 5. Calculate q(2).
3
Let i(z) = z**2 + 4*z - 5. Calculate i(-3).
-8
Let k(w) = 12*w**2 + w. What is k(-1)?
11
Let a(n) = -n**3 + 11*n**2 - 20*n + 8. Calculate a(10).
-92
Let w(g) = -g - 18. Calculate w(0).
-18
Let h(v) = 5*v + 22. Determine h(-9).
-23
Let i(p) = p**3 + 4*p**2 - 4*p + 1. What is i(-4)?
17
Let l(d) = d**3 + 2*d**2 - 4*d + 8. Give l(4).
88
Let a(g) = -5*g**2 - 149*g + 18. Calculate a(-30).
-12
Let r(p) = 11*p**2 + 4*p + 2. Give r(-2).
38
Let t(a) = 2*a + 22. Determine t(-9).
4
Let t(s) = 4*s + 4. Calculate t(-3).
-8
Let k(n) = -4*n + 3. Determine k(-5).
23
Let m(a) = -a**2 + 23*a - 49. Calculate m(14).
77
Let a(j) = 31*j - 34. Calculate a(1).
-3
Let u(f) = 5*f + 8. Give u(-7).
-27
Let m(x) = 2*x + 2. Calculate m(11).
24
Let r(p) = -p**3 - 4*p**2 + 6*p - 1. Calculate r(-5).
-6
Let y(g) = -2*g**2 + 7*g + 479. Determine y(-14).
-11
Let k(w) = -w**2 - w + 3. What is k(0)?
3
Let h(i) = -i - 32. What is h(-14)?
-18
Let m(r) = -6*r - 32. Give m(-6).
4
Let b(r) = -r**2 + 13*r - 26. What is b(10)?
4
Let c(h) = -3*h - 3. Determine c(-3).
6
Let u(a) = -4*a - 1. What is u(7)?
-29
Let f(g) = g - 10. Give f(4).
-6
Let p(l) = -4*l**2 - 2*l. What is p(1)?
-6
Let d(c) = c**2 + 5*c - 46. Give d(5).
4
Let l(n) = -41*n**3 - n**2 + 2*n - 1. Give l(1).
-41
Let o(n) = -2*n**3 + 58*n**2 - n + 30. Calculate o(29).
1
Let v(c) = -c**3 + 12*c**2 + 12*c + 16. Give v(13).
3
Let y(n) = -n**2 - 2*n - 5. Determine y(3).
-20
Let v(r) = 2*r**2 - 3*r - 5. What is v(-3)?
22
Let m(a) = -a**2 - 9*a + 24. Determine m(-11).
2
Let v(p) = 7*p - 154. What is v(22)?
0
Let p(j) = 4*j**2 + 2*j + 6. What is p(3)?
48
Let c(h) = 2*h**3 - 4*h**2 - h + 2. Give c(-1).
-3
Let v(s) = s**2 + 21*s - 15. Give v(-18).
-69
Let a(w) = -4*w**3 + w**2 - w. Determine a(2).
-30
Let f(m) = 48*m**3 + 3*m**2 + 3*m + 1. Give f(-1).
-47
Let b(q) = 5*q - 40. Give b(15).
35
Let l(z) = -249*z - 1491. Give l(-6).
3
Let g(z) = 22*z - 1. Calculate g(1).
21
Let u(j) = j**3 + 8*j**2 + 7*j - 8. Give u(-7).
-8
Let o(t) = t**2 + 50*t + 78. Give o(-48).
-18
Let r(b) = 3*b**2 + 4*b - 5. Give r(-4).
27
Let n(v) = v**3 - 12*v**2 - 7*v - 23. Determine n(13).
55
Let z(q) = q**3 + q**2 - 2*q + 2. Determine z(-3).
-10
Let h(u) = u**2 - u - 1. Give h(3).
5
Let h(f) = 9*f + 60. Calculate h(-5).
15
Let z(v) = -64*v - 143. Give z(-2).
-15
Let d(m) = -m**2 + 5*m - 10. Determine d(4).
-6
Let i(x) = -21*x + 2. Determine i(8).
-166
Let s(g) = g**3 + 13*g**2 - 13*g + 9. What is s(-14)?
-5
Let b(w) = 11*w**2 + w + 1. Determine b(-2).
43
Let r(h) = h**3 + 8*h**2 + 9*h + 21. Determine r(-7).
7
Let i(y) = -5*y - 47. Determine i(-10).
3
Let n(z) = z**2 + 16*z + 3. Determine n(-15).
-12
Let j(w) = 47*w + 653. What is j(-14)?
-5
Let a(c) = c - 1. Determine a(9).
8
Let b(m) = 7*m - 36. What is b(9)?
27
Let q(t) = 3*t - 43. What is q(15)?
2
Let v(p) = -3*p**3 - 4*p**2 + 2*p + 5. What is v(-3)?
44
Let c(v) = v + 16. What is c(-2)?
14
Let x(c) = -c**2 + 15*c - 14. What is x(14)?
0
Let j(f) = f**3 + 4*f**2 - 4*f + 5. What is j(-5)?
0
Let m(j) = -j**2 - 12*j + 44. What is m(-13)?
31
Let y(k) = 11*k - 1. Calculate y(0).
-1
Let m(i) = 11*i**2 - 2*i - 2. What is m(2)?
38
Let m(v) = 10*v - 9. Give m(4).
31
Let w(u) = -4*u. What is w(-2)?
8
Let v(w) = -w**3 + 4*w**2 + 3*w. Calculate v(5).
-10
Let x(d) = -7*d + 1. Give x(-3).
22
Let i(n) = n**3 + 5*n**2 - 8*n - 9. What is i(-6)?
3
Let f(t) = t**2 - 10*t + 5. Give f(10).
5
Let x(k) = 8*k - 105. Wh